{"id":7,"date":"2025-01-10T21:51:52","date_gmt":"2025-01-10T21:51:52","guid":{"rendered":"https:\/\/grunderverket.no\/?page_id=7"},"modified":"2025-01-17T19:09:16","modified_gmt":"2025-01-17T19:09:16","slug":"elementor-7","status":"publish","type":"page","link":"https:\/\/grunderverket.no\/","title":{"rendered":"Grunderverket"},"content":{"rendered":"\t\t<div data-elementor-type=\"wp-page\" data-elementor-id=\"7\" class=\"elementor elementor-7\">\n\t\t\t\t<div class=\"elementor-element elementor-element-aa407d6 e-flex e-con-boxed e-con e-parent\" data-id=\"aa407d6\" data-element_type=\"container\">\n\t\t\t\t\t<div class=\"e-con-inner\">\n\t\t\t\t<div class=\"elementor-element elementor-element-60b798f elementor-widget__width-inherit elementor-widget elementor-widget-image\" data-id=\"60b798f\" data-element_type=\"widget\" data-widget_type=\"image.default\">\n\t\t\t\t<div class=\"elementor-widget-container\">\n\t\t\t\t\t\t\t\t\t\t\t\t\t\t\t<img fetchpriority=\"high\" decoding=\"async\" width=\"1920\" height=\"1080\" src=\"https:\/\/grunderverket.no\/wp-content\/uploads\/2025\/01\/Grunderverket-1-100.jpg\" class=\"attachment-full size-full wp-image-20\" alt=\"\" srcset=\"https:\/\/grunderverket.no\/wp-content\/uploads\/2025\/01\/Grunderverket-1-100.jpg 1920w, https:\/\/grunderverket.no\/wp-content\/uploads\/2025\/01\/Grunderverket-1-100-300x169.jpg 300w, https:\/\/grunderverket.no\/wp-content\/uploads\/2025\/01\/Grunderverket-1-100-1024x576.jpg 1024w, https:\/\/grunderverket.no\/wp-content\/uploads\/2025\/01\/Grunderverket-1-100-768x432.jpg 768w, https:\/\/grunderverket.no\/wp-content\/uploads\/2025\/01\/Grunderverket-1-100-1536x864.jpg 1536w\" sizes=\"(max-width: 1920px) 100vw, 1920px\" \/>\t\t\t\t\t\t\t\t\t\t\t\t\t\t\t<\/div>\n\t\t\t\t<\/div>\n\t\t\t\t\t<\/div>\n\t\t\t\t<\/div>\n\t\t<div class=\"elementor-element elementor-element-22e2c06 e-flex e-con-boxed e-con e-parent\" data-id=\"22e2c06\" data-element_type=\"container\">\n\t\t\t\t\t<div class=\"e-con-inner\">\n\t\t\t\t<div class=\"elementor-element elementor-element-88705b4 elementor-widget elementor-widget-heading\" data-id=\"88705b4\" data-element_type=\"widget\" data-widget_type=\"heading.default\">\n\t\t\t\t<div class=\"elementor-widget-container\">\n\t\t\t\t\t<h3 class=\"elementor-heading-title elementor-size-default\">Gr\u00fcnderverket er en medlemsforening av gr\u00fcndere for gr\u00fcndere i Ranaregionen! <br><br>\n\nV\u00e5r visjon er \u00e5 skape et inspirerende milj\u00f8 der du kan vokse som gr\u00fcnder og samtidig ha det hyggelig. <br><br>\n\n\u00d8nsker du \u00e5 melde deg inn eller trenger mer info: <br>\nE-post: post@grunderverket.no eller ring Veronica Ugedal 997 95 910.<\/h3>\t\t\t\t<\/div>\n\t\t\t\t<\/div>\n\t\t\t\t\t<\/div>\n\t\t\t\t<\/div>\n\t\t<div class=\"elementor-element elementor-element-54f7e3d e-flex e-con-boxed e-con e-parent\" data-id=\"54f7e3d\" data-element_type=\"container\">\n\t\t\t\t\t<div class=\"e-con-inner\">\n\t\t\t\t<div class=\"elementor-element elementor-element-7ff23ba elementor-widget elementor-widget-text-editor\" data-id=\"7ff23ba\" data-element_type=\"widget\" data-widget_type=\"text-editor.default\">\n\t\t\t\t<div class=\"elementor-widget-container\">\n\t\t\t\t\t\t\t\t\t<h4><a href=\"https:\/\/www.facebook.com\/grunderverket\" target=\"_blank\" rel=\"noopener\">F\u00f8lg oss gjerne p\u00e5 Facebook for info om aktiviteter og inspirasjon!<\/a><\/h4>\t\t\t\t\t\t\t\t<\/div>\n\t\t\t\t<\/div>\n\t\t\t\t\t<\/div>\n\t\t\t\t<\/div>\n\t\t<div class=\"elementor-element elementor-element-3985690 e-flex e-con-boxed e-con e-parent\" data-id=\"3985690\" data-element_type=\"container\">\n\t\t\t\t\t<div class=\"e-con-inner\">\n\t\t\t\t<div class=\"elementor-element elementor-element-e2e7d37 gallery-spacing-custom elementor-widget elementor-widget-image-gallery\" data-id=\"e2e7d37\" data-element_type=\"widget\" data-widget_type=\"image-gallery.default\">\n\t\t\t\t<div class=\"elementor-widget-container\">\n\t\t\t\t\t\t\t<div class=\"elementor-image-gallery\">\n\t\t\t<div id='gallery-1' class='gallery galleryid-7 gallery-columns-3 gallery-size-full'><figure class='gallery-item'>\n\t\t\t<div class='gallery-icon landscape'>\n\t\t\t\t<a data-elementor-open-lightbox=\"yes\" data-elementor-lightbox-slideshow=\"e2e7d37\" data-elementor-lightbox-title=\"472234328_122132225306515198_3915284183851492145_n\" data-e-action-hash=\"#elementor-action%3Aaction%3Dlightbox%26settings%3DeyJpZCI6MzcsInVybCI6Imh0dHBzOlwvXC9ncnVuZGVydmVya2V0Lm5vXC93cC1jb250ZW50XC91cGxvYWRzXC8yMDI1XC8wMVwvNDcyMjM0MzI4XzEyMjEzMjIyNTMwNjUxNTE5OF8zOTE1Mjg0MTgzODUxNDkyMTQ1X24uanBnIiwic2xpZGVzaG93IjoiZTJlN2QzNyJ9\" href='https:\/\/grunderverket.no\/wp-content\/uploads\/2025\/01\/472234328_122132225306515198_3915284183851492145_n.jpg'><img decoding=\"async\" width=\"2048\" height=\"1537\" src=\"https:\/\/grunderverket.no\/wp-content\/uploads\/2025\/01\/472234328_122132225306515198_3915284183851492145_n.jpg\" class=\"attachment-full size-full\" alt=\"\" srcset=\"https:\/\/grunderverket.no\/wp-content\/uploads\/2025\/01\/472234328_122132225306515198_3915284183851492145_n.jpg 2048w, https:\/\/grunderverket.no\/wp-content\/uploads\/2025\/01\/472234328_122132225306515198_3915284183851492145_n-300x225.jpg 300w, https:\/\/grunderverket.no\/wp-content\/uploads\/2025\/01\/472234328_122132225306515198_3915284183851492145_n-1024x769.jpg 1024w, https:\/\/grunderverket.no\/wp-content\/uploads\/2025\/01\/472234328_122132225306515198_3915284183851492145_n-768x576.jpg 768w, https:\/\/grunderverket.no\/wp-content\/uploads\/2025\/01\/472234328_122132225306515198_3915284183851492145_n-1536x1153.jpg 1536w\" sizes=\"(max-width: 2048px) 100vw, 2048px\" \/><\/a>\n\t\t\t<\/div><\/figure><figure class='gallery-item'>\n\t\t\t<div class='gallery-icon landscape'>\n\t\t\t\t<a data-elementor-open-lightbox=\"yes\" data-elementor-lightbox-slideshow=\"e2e7d37\" data-elementor-lightbox-title=\"470232745_122129117150515198_277676349255652062_n\" data-e-action-hash=\"#elementor-action%3Aaction%3Dlightbox%26settings%3DeyJpZCI6MzYsInVybCI6Imh0dHBzOlwvXC9ncnVuZGVydmVya2V0Lm5vXC93cC1jb250ZW50XC91cGxvYWRzXC8yMDI1XC8wMVwvNDcwMjMyNzQ1XzEyMjEyOTExNzE1MDUxNTE5OF8yNzc2NzYzNDkyNTU2NTIwNjJfbi5qcGciLCJzbGlkZXNob3ciOiJlMmU3ZDM3In0%3D\" href='https:\/\/grunderverket.no\/wp-content\/uploads\/2025\/01\/470232745_122129117150515198_277676349255652062_n.jpg'><img decoding=\"async\" width=\"2048\" height=\"1537\" src=\"https:\/\/grunderverket.no\/wp-content\/uploads\/2025\/01\/470232745_122129117150515198_277676349255652062_n.jpg\" class=\"attachment-full size-full\" alt=\"\" srcset=\"https:\/\/grunderverket.no\/wp-content\/uploads\/2025\/01\/470232745_122129117150515198_277676349255652062_n.jpg 2048w, https:\/\/grunderverket.no\/wp-content\/uploads\/2025\/01\/470232745_122129117150515198_277676349255652062_n-300x225.jpg 300w, https:\/\/grunderverket.no\/wp-content\/uploads\/2025\/01\/470232745_122129117150515198_277676349255652062_n-1024x769.jpg 1024w, https:\/\/grunderverket.no\/wp-content\/uploads\/2025\/01\/470232745_122129117150515198_277676349255652062_n-768x576.jpg 768w, https:\/\/grunderverket.no\/wp-content\/uploads\/2025\/01\/470232745_122129117150515198_277676349255652062_n-1536x1153.jpg 1536w\" sizes=\"(max-width: 2048px) 100vw, 2048px\" \/><\/a>\n\t\t\t<\/div><\/figure><figure class='gallery-item'>\n\t\t\t<div class='gallery-icon landscape'>\n\t\t\t\t<a data-elementor-open-lightbox=\"yes\" data-elementor-lightbox-slideshow=\"e2e7d37\" data-elementor-lightbox-title=\"470694898_122129117186515198_5113666539068316633_n\" data-e-action-hash=\"#elementor-action%3Aaction%3Dlightbox%26settings%3DeyJpZCI6MzUsInVybCI6Imh0dHBzOlwvXC9ncnVuZGVydmVya2V0Lm5vXC93cC1jb250ZW50XC91cGxvYWRzXC8yMDI1XC8wMVwvNDcwNjk0ODk4XzEyMjEyOTExNzE4NjUxNTE5OF81MTEzNjY2NTM5MDY4MzE2NjMzX24uanBnIiwic2xpZGVzaG93IjoiZTJlN2QzNyJ9\" href='https:\/\/grunderverket.no\/wp-content\/uploads\/2025\/01\/470694898_122129117186515198_5113666539068316633_n.jpg'><img loading=\"lazy\" decoding=\"async\" width=\"2048\" height=\"1537\" src=\"https:\/\/grunderverket.no\/wp-content\/uploads\/2025\/01\/470694898_122129117186515198_5113666539068316633_n.jpg\" class=\"attachment-full size-full\" alt=\"\" srcset=\"https:\/\/grunderverket.no\/wp-content\/uploads\/2025\/01\/470694898_122129117186515198_5113666539068316633_n.jpg 2048w, https:\/\/grunderverket.no\/wp-content\/uploads\/2025\/01\/470694898_122129117186515198_5113666539068316633_n-300x225.jpg 300w, https:\/\/grunderverket.no\/wp-content\/uploads\/2025\/01\/470694898_122129117186515198_5113666539068316633_n-1024x769.jpg 1024w, https:\/\/grunderverket.no\/wp-content\/uploads\/2025\/01\/470694898_122129117186515198_5113666539068316633_n-768x576.jpg 768w, https:\/\/grunderverket.no\/wp-content\/uploads\/2025\/01\/470694898_122129117186515198_5113666539068316633_n-1536x1153.jpg 1536w\" sizes=\"(max-width: 2048px) 100vw, 2048px\" \/><\/a>\n\t\t\t<\/div><\/figure><figure class='gallery-item'>\n\t\t\t<div class='gallery-icon landscape'>\n\t\t\t\t<a data-elementor-open-lightbox=\"yes\" data-elementor-lightbox-slideshow=\"e2e7d37\" data-elementor-lightbox-title=\"470564560_122129009126515198_7939991862037791019_n\" data-e-action-hash=\"#elementor-action%3Aaction%3Dlightbox%26settings%3DeyJpZCI6MzMsInVybCI6Imh0dHBzOlwvXC9ncnVuZGVydmVya2V0Lm5vXC93cC1jb250ZW50XC91cGxvYWRzXC8yMDI1XC8wMVwvNDcwNTY0NTYwXzEyMjEyOTAwOTEyNjUxNTE5OF83OTM5OTkxODYyMDM3NzkxMDE5X24uanBnIiwic2xpZGVzaG93IjoiZTJlN2QzNyJ9\" href='https:\/\/grunderverket.no\/wp-content\/uploads\/2025\/01\/470564560_122129009126515198_7939991862037791019_n.jpg'><img loading=\"lazy\" decoding=\"async\" width=\"2048\" height=\"1537\" src=\"https:\/\/grunderverket.no\/wp-content\/uploads\/2025\/01\/470564560_122129009126515198_7939991862037791019_n.jpg\" class=\"attachment-full size-full\" alt=\"\" srcset=\"https:\/\/grunderverket.no\/wp-content\/uploads\/2025\/01\/470564560_122129009126515198_7939991862037791019_n.jpg 2048w, https:\/\/grunderverket.no\/wp-content\/uploads\/2025\/01\/470564560_122129009126515198_7939991862037791019_n-300x225.jpg 300w, https:\/\/grunderverket.no\/wp-content\/uploads\/2025\/01\/470564560_122129009126515198_7939991862037791019_n-1024x769.jpg 1024w, https:\/\/grunderverket.no\/wp-content\/uploads\/2025\/01\/470564560_122129009126515198_7939991862037791019_n-768x576.jpg 768w, https:\/\/grunderverket.no\/wp-content\/uploads\/2025\/01\/470564560_122129009126515198_7939991862037791019_n-1536x1153.jpg 1536w\" sizes=\"(max-width: 2048px) 100vw, 2048px\" \/><\/a>\n\t\t\t<\/div><\/figure><figure class='gallery-item'>\n\t\t\t<div class='gallery-icon landscape'>\n\t\t\t\t<a data-elementor-open-lightbox=\"yes\" data-elementor-lightbox-slideshow=\"e2e7d37\" data-elementor-lightbox-title=\"470183963_122129009180515198_6658866726714603753_n\" data-e-action-hash=\"#elementor-action%3Aaction%3Dlightbox%26settings%3DeyJpZCI6MzIsInVybCI6Imh0dHBzOlwvXC9ncnVuZGVydmVya2V0Lm5vXC93cC1jb250ZW50XC91cGxvYWRzXC8yMDI1XC8wMVwvNDcwMTgzOTYzXzEyMjEyOTAwOTE4MDUxNTE5OF82NjU4ODY2NzI2NzE0NjAzNzUzX24uanBnIiwic2xpZGVzaG93IjoiZTJlN2QzNyJ9\" href='https:\/\/grunderverket.no\/wp-content\/uploads\/2025\/01\/470183963_122129009180515198_6658866726714603753_n.jpg'><img loading=\"lazy\" decoding=\"async\" width=\"2048\" height=\"1537\" src=\"https:\/\/grunderverket.no\/wp-content\/uploads\/2025\/01\/470183963_122129009180515198_6658866726714603753_n.jpg\" class=\"attachment-full size-full\" alt=\"\" srcset=\"https:\/\/grunderverket.no\/wp-content\/uploads\/2025\/01\/470183963_122129009180515198_6658866726714603753_n.jpg 2048w, https:\/\/grunderverket.no\/wp-content\/uploads\/2025\/01\/470183963_122129009180515198_6658866726714603753_n-300x225.jpg 300w, https:\/\/grunderverket.no\/wp-content\/uploads\/2025\/01\/470183963_122129009180515198_6658866726714603753_n-1024x769.jpg 1024w, https:\/\/grunderverket.no\/wp-content\/uploads\/2025\/01\/470183963_122129009180515198_6658866726714603753_n-768x576.jpg 768w, https:\/\/grunderverket.no\/wp-content\/uploads\/2025\/01\/470183963_122129009180515198_6658866726714603753_n-1536x1153.jpg 1536w\" sizes=\"(max-width: 2048px) 100vw, 2048px\" \/><\/a>\n\t\t\t<\/div><\/figure><figure class='gallery-item'>\n\t\t\t<div class='gallery-icon landscape'>\n\t\t\t\t<a data-elementor-open-lightbox=\"yes\" data-elementor-lightbox-slideshow=\"e2e7d37\" data-elementor-lightbox-title=\"470569707_122129009168515198_6558284061291887902_n\" data-e-action-hash=\"#elementor-action%3Aaction%3Dlightbox%26settings%3DeyJpZCI6MzEsInVybCI6Imh0dHBzOlwvXC9ncnVuZGVydmVya2V0Lm5vXC93cC1jb250ZW50XC91cGxvYWRzXC8yMDI1XC8wMVwvNDcwNTY5NzA3XzEyMjEyOTAwOTE2ODUxNTE5OF82NTU4Mjg0MDYxMjkxODg3OTAyX24uanBnIiwic2xpZGVzaG93IjoiZTJlN2QzNyJ9\" href='https:\/\/grunderverket.no\/wp-content\/uploads\/2025\/01\/470569707_122129009168515198_6558284061291887902_n.jpg'><img loading=\"lazy\" decoding=\"async\" width=\"2048\" height=\"1537\" src=\"https:\/\/grunderverket.no\/wp-content\/uploads\/2025\/01\/470569707_122129009168515198_6558284061291887902_n.jpg\" class=\"attachment-full size-full\" alt=\"\" srcset=\"https:\/\/grunderverket.no\/wp-content\/uploads\/2025\/01\/470569707_122129009168515198_6558284061291887902_n.jpg 2048w, https:\/\/grunderverket.no\/wp-content\/uploads\/2025\/01\/470569707_122129009168515198_6558284061291887902_n-300x225.jpg 300w, https:\/\/grunderverket.no\/wp-content\/uploads\/2025\/01\/470569707_122129009168515198_6558284061291887902_n-1024x769.jpg 1024w, https:\/\/grunderverket.no\/wp-content\/uploads\/2025\/01\/470569707_122129009168515198_6558284061291887902_n-768x576.jpg 768w, https:\/\/grunderverket.no\/wp-content\/uploads\/2025\/01\/470569707_122129009168515198_6558284061291887902_n-1536x1153.jpg 1536w\" sizes=\"(max-width: 2048px) 100vw, 2048px\" \/><\/a>\n\t\t\t<\/div><\/figure><figure class='gallery-item'>\n\t\t\t<div class='gallery-icon landscape'>\n\t\t\t\t<a data-elementor-open-lightbox=\"yes\" data-elementor-lightbox-slideshow=\"e2e7d37\" data-elementor-lightbox-title=\"470223210_122129009612515198_3801310394329135892_n\" data-e-action-hash=\"#elementor-action%3Aaction%3Dlightbox%26settings%3DeyJpZCI6MzAsInVybCI6Imh0dHBzOlwvXC9ncnVuZGVydmVya2V0Lm5vXC93cC1jb250ZW50XC91cGxvYWRzXC8yMDI1XC8wMVwvNDcwMjIzMjEwXzEyMjEyOTAwOTYxMjUxNTE5OF8zODAxMzEwMzk0MzI5MTM1ODkyX24uanBnIiwic2xpZGVzaG93IjoiZTJlN2QzNyJ9\" href='https:\/\/grunderverket.no\/wp-content\/uploads\/2025\/01\/470223210_122129009612515198_3801310394329135892_n.jpg'><img loading=\"lazy\" decoding=\"async\" width=\"2048\" height=\"1537\" src=\"https:\/\/grunderverket.no\/wp-content\/uploads\/2025\/01\/470223210_122129009612515198_3801310394329135892_n.jpg\" class=\"attachment-full size-full\" alt=\"\" srcset=\"https:\/\/grunderverket.no\/wp-content\/uploads\/2025\/01\/470223210_122129009612515198_3801310394329135892_n.jpg 2048w, https:\/\/grunderverket.no\/wp-content\/uploads\/2025\/01\/470223210_122129009612515198_3801310394329135892_n-300x225.jpg 300w, https:\/\/grunderverket.no\/wp-content\/uploads\/2025\/01\/470223210_122129009612515198_3801310394329135892_n-1024x769.jpg 1024w, https:\/\/grunderverket.no\/wp-content\/uploads\/2025\/01\/470223210_122129009612515198_3801310394329135892_n-768x576.jpg 768w, https:\/\/grunderverket.no\/wp-content\/uploads\/2025\/01\/470223210_122129009612515198_3801310394329135892_n-1536x1153.jpg 1536w\" sizes=\"(max-width: 2048px) 100vw, 2048px\" \/><\/a>\n\t\t\t<\/div><\/figure><figure class='gallery-item'>\n\t\t\t<div class='gallery-icon landscape'>\n\t\t\t\t<a data-elementor-open-lightbox=\"yes\" data-elementor-lightbox-slideshow=\"e2e7d37\" data-elementor-lightbox-title=\"470214520_122129009150515198_4193817246844050276_n\" data-e-action-hash=\"#elementor-action%3Aaction%3Dlightbox%26settings%3DeyJpZCI6MjksInVybCI6Imh0dHBzOlwvXC9ncnVuZGVydmVya2V0Lm5vXC93cC1jb250ZW50XC91cGxvYWRzXC8yMDI1XC8wMVwvNDcwMjE0NTIwXzEyMjEyOTAwOTE1MDUxNTE5OF80MTkzODE3MjQ2ODQ0MDUwMjc2X24uanBnIiwic2xpZGVzaG93IjoiZTJlN2QzNyJ9\" href='https:\/\/grunderverket.no\/wp-content\/uploads\/2025\/01\/470214520_122129009150515198_4193817246844050276_n.jpg'><img loading=\"lazy\" decoding=\"async\" width=\"2048\" height=\"1537\" src=\"https:\/\/grunderverket.no\/wp-content\/uploads\/2025\/01\/470214520_122129009150515198_4193817246844050276_n.jpg\" class=\"attachment-full size-full\" alt=\"\" srcset=\"https:\/\/grunderverket.no\/wp-content\/uploads\/2025\/01\/470214520_122129009150515198_4193817246844050276_n.jpg 2048w, https:\/\/grunderverket.no\/wp-content\/uploads\/2025\/01\/470214520_122129009150515198_4193817246844050276_n-300x225.jpg 300w, https:\/\/grunderverket.no\/wp-content\/uploads\/2025\/01\/470214520_122129009150515198_4193817246844050276_n-1024x769.jpg 1024w, https:\/\/grunderverket.no\/wp-content\/uploads\/2025\/01\/470214520_122129009150515198_4193817246844050276_n-768x576.jpg 768w, https:\/\/grunderverket.no\/wp-content\/uploads\/2025\/01\/470214520_122129009150515198_4193817246844050276_n-1536x1153.jpg 1536w\" sizes=\"(max-width: 2048px) 100vw, 2048px\" \/><\/a>\n\t\t\t<\/div><\/figure><figure class='gallery-item'>\n\t\t\t<div class='gallery-icon landscape'>\n\t\t\t\t<a data-elementor-open-lightbox=\"yes\" data-elementor-lightbox-slideshow=\"e2e7d37\" data-elementor-lightbox-title=\"472030005_122132226470515198_4922013579783524930_n\" data-e-action-hash=\"#elementor-action%3Aaction%3Dlightbox%26settings%3DeyJpZCI6MjgsInVybCI6Imh0dHBzOlwvXC9ncnVuZGVydmVya2V0Lm5vXC93cC1jb250ZW50XC91cGxvYWRzXC8yMDI1XC8wMVwvNDcyMDMwMDA1XzEyMjEzMjIyNjQ3MDUxNTE5OF80OTIyMDEzNTc5NzgzNTI0OTMwX24uanBnIiwic2xpZGVzaG93IjoiZTJlN2QzNyJ9\" href='https:\/\/grunderverket.no\/wp-content\/uploads\/2025\/01\/472030005_122132226470515198_4922013579783524930_n.jpg'><img loading=\"lazy\" decoding=\"async\" width=\"2048\" height=\"1537\" src=\"https:\/\/grunderverket.no\/wp-content\/uploads\/2025\/01\/472030005_122132226470515198_4922013579783524930_n.jpg\" class=\"attachment-full size-full\" alt=\"\" srcset=\"https:\/\/grunderverket.no\/wp-content\/uploads\/2025\/01\/472030005_122132226470515198_4922013579783524930_n.jpg 2048w, https:\/\/grunderverket.no\/wp-content\/uploads\/2025\/01\/472030005_122132226470515198_4922013579783524930_n-300x225.jpg 300w, https:\/\/grunderverket.no\/wp-content\/uploads\/2025\/01\/472030005_122132226470515198_4922013579783524930_n-1024x769.jpg 1024w, https:\/\/grunderverket.no\/wp-content\/uploads\/2025\/01\/472030005_122132226470515198_4922013579783524930_n-768x576.jpg 768w, https:\/\/grunderverket.no\/wp-content\/uploads\/2025\/01\/472030005_122132226470515198_4922013579783524930_n-1536x1153.jpg 1536w\" sizes=\"(max-width: 2048px) 100vw, 2048px\" \/><\/a>\n\t\t\t<\/div><\/figure>\n\t\t<\/div>\n\t\t<\/div>\n\t\t\t\t\t\t<\/div>\n\t\t\t\t<\/div>\n\t\t\t\t\t<\/div>\n\t\t\t\t<\/div>\n\t\t\t\t<\/div>\n\t\t","protected":false},"excerpt":{"rendered":"<p>Gr\u00fcnderverket er en medlemsforening av gr\u00fcndere for gr\u00fcndere i Ranaregionen! V\u00e5r visjon er \u00e5 skape et inspirerende milj\u00f8 der du [&hellip;]<\/p>\n","protected":false},"author":1,"featured_media":0,"parent":0,"menu_order":0,"comment_status":"closed","ping_status":"closed","template":"","meta":{"site-sidebar-layout":"no-sidebar","site-content-layout":"","ast-site-content-layout":"full-width-container","site-content-style":"default","site-sidebar-style":"default","ast-global-header-display":"","ast-banner-title-visibility":"","ast-main-header-display":"","ast-hfb-above-header-display":"","ast-hfb-below-header-display":"","ast-hfb-mobile-header-display":"","site-post-title":"disabled","ast-breadcrumbs-content":"","ast-featured-img":"disabled","footer-sml-layout":"","theme-transparent-header-meta":"","adv-header-id-meta":"","stick-header-meta":"","header-above-stick-meta":"","header-main-stick-meta":"","header-below-stick-meta":"","astra-migrate-meta-layouts":"default","ast-page-background-enabled":"default","ast-page-background-meta":{"desktop":{"background-color":"var(--ast-global-color-4)","background-image":"","background-repeat":"repeat","background-position":"center center","background-size":"auto","background-attachment":"scroll","background-type":"","background-media":"","overlay-type":"","overlay-color":"","overlay-opacity":"","overlay-gradient":""},"tablet":{"background-color":"","background-image":"","background-repeat":"repeat","background-position":"center center","background-size":"auto","background-attachment":"scroll","background-type":"","background-media":"","overlay-type":"","overlay-color":"","overlay-opacity":"","overlay-gradient":""},"mobile":{"background-color":"","background-image":"","background-repeat":"repeat","background-position":"center center","background-size":"auto","background-attachment":"scroll","background-type":"","background-media":"","overlay-type":"","overlay-color":"","overlay-opacity":"","overlay-gradient":""}},"ast-content-background-meta":{"desktop":{"background-color":"var(--ast-global-color-5)","background-image":"","background-repeat":"repeat","background-position":"center center","background-size":"auto","background-attachment":"scroll","background-type":"","background-media":"","overlay-type":"","overlay-color":"","overlay-opacity":"","overlay-gradient":""},"tablet":{"background-color":"var(--ast-global-color-5)","background-image":"","background-repeat":"repeat","background-position":"center center","background-size":"auto","background-attachment":"scroll","background-type":"","background-media":"","overlay-type":"","overlay-color":"","overlay-opacity":"","overlay-gradient":""},"mobile":{"background-color":"var(--ast-global-color-5)","background-image":"","background-repeat":"repeat","background-position":"center center","background-size":"auto","background-attachment":"scroll","background-type":"","background-media":"","overlay-type":"","overlay-color":"","overlay-opacity":"","overlay-gradient":""}},"footnotes":""},"class_list":["post-7","page","type-page","status-publish","hentry"],"_links":{"self":[{"href":"https:\/\/grunderverket.no\/index.php\/wp-json\/wp\/v2\/pages\/7","targetHints":{"allow":["GET"]}}],"collection":[{"href":"https:\/\/grunderverket.no\/index.php\/wp-json\/wp\/v2\/pages"}],"about":[{"href":"https:\/\/grunderverket.no\/index.php\/wp-json\/wp\/v2\/types\/page"}],"author":[{"embeddable":true,"href":"https:\/\/grunderverket.no\/index.php\/wp-json\/wp\/v2\/users\/1"}],"replies":[{"embeddable":true,"href":"https:\/\/grunderverket.no\/index.php\/wp-json\/wp\/v2\/comments?post=7"}],"version-history":[{"count":47,"href":"https:\/\/grunderverket.no\/index.php\/wp-json\/wp\/v2\/pages\/7\/revisions"}],"predecessor-version":[{"id":77,"href":"https:\/\/grunderverket.no\/index.php\/wp-json\/wp\/v2\/pages\/7\/revisions\/77"}],"wp:attachment":[{"href":"https:\/\/grunderverket.no\/index.php\/wp-json\/wp\/v2\/media?parent=7"}],"curies":[{"name":"wp","href":"https:\/\/api.w.org\/{rel}","templated":true}]}}